= -4*n + 4*o + 60. What is the tens digit of n?
1
Suppose 2 - 5 = -y. Suppose y*f - 15 = 2*f. What is the tens digit of f?
1
Let q be (-4)/(-6) - (-58)/(-6). Let p(d) = 2*d**2 - 4*d**2 - 2*d**2 + 8 + 3*d**2 - 9*d. What is the units digit of p(q)?
8
Let w be 2*-1*(-415)/(-10). Let k = -44 - w. What is the units digit of k?
9
What is the units digit of ((3 - 3) + -1)*-29?
9
Suppose 3*r - 2*f - 4 = 4*r, -3*r + f = -9. Suppose 0 = r*v + 3*v - 20. What is the units digit of v?
4
Let f(j) = j**3 - j**2 + 3*j + 2. Let q be f(-3). Let p = q + 61. What is the units digit of p?
8
Suppose -x + 3*p = -0*p - 15, -31 = -5*x + 4*p. Let s = 2 - x. What is the units digit of (3 - 2)/(s/(-3))?
3
Let h = -12 + -2. Let k = h - -45. What is the tens digit of k?
3
Suppose 0 = 3*z - 2*t - 194, z - 2*t = 36 + 30. What is the tens digit of z?
6
Suppose -4*t + 376 = 4*j, 6*t = t + j + 500. What is the units digit of t?
9
What is the tens digit of (5/10)/((-2)/(-168))?
4
Let n = -163 - -244. What is the tens digit of n?
8
Let i = 22 - -13. Suppose i = 6*a - 5*a. What is the tens digit of a?
3
Let h(n) = 41*n + 1. What is the units digit of h(4)?
5
What is the tens digit of 6515/30 - -8 - (-2)/(-12)?
2
Suppose 14*g - 11*g = 45. What is the units digit of g?
5
Let b be (-26)/(-4) + 1/2. Let k(x) be the third derivative of x**4/12 - 7*x**3/6 + x**2. What is the units digit of k(b)?
7
Let r = 4 - -1. What is the tens digit of r/(-15) - 106/(-3)?
3
Let j = -21 + 74. What is the units digit of j?
3
Let b(w) = 34*w**3 - 2*w + 1. What is the units digit of b(1)?
3
Let t(r) be the first derivative of r**2/2 - 2. Let y = 6 + -4. What is the units digit of t(y)?
2
Suppose 0 = -6*l + 975 + 369. What is the hundreds digit of l?
2
Suppose 226 + 109 = 4*i - q, 4*i = 2*q + 334. What is the tens digit of i?
8
Suppose -12*h + 1721 = -3319. What is the units digit of h?
0
Let r = 160 - 46. What is the units digit of r?
4
Let g(l) = l - 7. Let h be g(7). Suppose h = 2*z + 26 - 132. What is the tens digit of z?
5
Let w(l) = l**2 - 6. What is the units digit of w(-6)?
0
Suppose -2*l = -5*l - 12, -3*t - 3*l + 108 = 0. Let g = -20 + t. What is the tens digit of g?
2
Let n be (-4)/34 - 13452/102. What is the tens digit of n/(-5) - (-4)/(-10)?
2
Suppose 3*z - 3*w = 0, -5*z = -0*w + 3*w - 40. Suppose -3*c + 6*c = z*s - 55, 3*s + 2*c = 52. What is the units digit of s?
4
Suppose -4*q = -9*q + 3*s - 11, 0 = q - 5*s - 11. Let w = 22 - 32. Let h = q - w. What is the units digit of h?
6
Let a(p) = -p**3 - 10*p**2 - p - 5. Let d be a(-10). Let h(s) = -s**2 + 7*s - 3. What is the units digit of h(d)?
7
Suppose -5*p + 4*g - 6 = -25, g - 11 = -4*p. Suppose 2*c = -6, 0*u - 4*u = -p*c - 17. What is the units digit of u?
2
Suppose -20 = -2*p - 2*p. Suppose p*n - 29 + 9 = 0. What is the units digit of n?
4
Suppose 8 = h + 2. Suppose 10 = 5*c - 3*c. Suppose 3*g + 12 = 5*y - c, -y - 2*g = -h. What is the units digit of y?
4
Let r(f) = -3 - 5 - f - 1 + 4. Let m be r(0). Let q = 10 + m. What is the units digit of q?
5
Suppose -5*z = 22 - 127. What is the tens digit of z?
2
Let s(a) = -5*a**2 - 20 - a**3 + 15 + 2*a**2 - 6*a**2 + 16*a. What is the tens digit of s(-11)?
6
Let p = -5 - -10. Suppose -p*j + 3*z + 15 = 0, -2*j - 3*z + 3 = -j. Suppose -4*n + 43 = -3*b, 0 = 4*n - b + j*b - 38. What is the units digit of n?
0
Suppose 232 = 4*w - 3*q, -3*w + 2*q = -69 - 106. Suppose 5*j + w = 156. What is the units digit of j?
9
Suppose -l - 3*l - z + 2 = 0, z - 2 = 5*l. Suppose -15 + l = -s. What is the tens digit of s?
1
Let r(t) be the second derivative of t**3/3 - 3*t**2/2 + 10*t. Suppose -2*m = -2*v, 7*m - 2*m - 6 = 3*v. What is the units digit of r(v)?
3
Suppose o = -3*j + 83, 2*o = -j + o + 31. What is the units digit of j?
6
Let v(t) be the first derivative of -t**4/4 + 2*t**3 + 2*t + 1. Let g be v(6). Suppose -c = -g*l + 19, -4*l - 7 + 38 = 5*c. What is the units digit of l?
9
Let p = -11 + 15. Let z = p - 0. Let g(f) = f + 1. What is the units digit of g(z)?
5
Let d(q) be the second derivative of -q**6/360 - q**5/20 - q**4/24 + q**3/2 - 2*q. Let y(r) be the second derivative of d(r). What is the units digit of y(-3)?
8
Let q = 25 + -2. What is the units digit of q?
3
Let l = -9 - -22. Suppose m - l + 1 = 0. What is the tens digit of m?
1
Suppose 0 = 3*h + 2*h - 4*j - 656, 0 = -4*j + 4. What is the units digit of h?
2
What is the tens digit of ((-106)/15 - (-8)/20)*-3?
2
Suppose -2*a - 36 - 17 = -d, 4*a = -3*d + 119. What is the tens digit of d?
4
Let i be -8*(2 - 1/2). Let t = i + 35. Let z = t - 13. What is the units digit of z?
0
Let g = -108 + 65. Let l = g - -60. What is the tens digit of l?
1
Let f(w) = 0 + 3 + w - 1. Let t be f(5). Let c = t - 3. What is the units digit of c?
4
Suppose w - 2*h - 110 = -3*w, -3*w = -h - 84. Let c = w + -11. What is the tens digit of c?
1
Let f = -29 + 31. What is the units digit of f?
2
Let x = -53 - -87. Let t = 60 - x. What is the units digit of t?
6
Let r(x) = -x**3 + 6*x**2 - 5*x - 5. Let h be r(5). Let m be (-1 + h)*(-3)/9. Let l = m + 7. What is the units digit of l?
9
What is the tens digit of 1*(-21)/(-14)*340/3?
7
Let h(n) = -2*n**2 - 8*n - 3. Let p(t) = -t**2 - 4*t - 2. Let z(u) = 3*h(u) - 5*p(u). What is the units digit of z(-4)?
1
Suppose 23*y - 864 = 17*y. What is the tens digit of y?
4
Suppose -5*y + 61 = -284. What is the tens digit of y?
6
What is the tens digit of 251/5 + (-28)/(-35)?
5
Suppose -2*b = -6*b. Suppose b*x - 5*x = -75. Suppose -4*z = -5*q - x - 16, -3*z + 4*q + 23 = 0. What is the units digit of z?
9
Suppose 4*g + 3*t - 17 - 14 = 0, 9 = g + 2*t. Suppose -8 = -3*i + g. Suppose -2*u = 3*h - 46 + 11, -i*h = -u - 54. What is the units digit of h?
1
Let m be 3*(0/3 + 1). Let i = -1 + m. Suppose -4*g = -i*g - 4. What is the units digit of g?
2
Let c be 15/6*24/10. Suppose c + 0 = z. What is the units digit of z?
6
Let r be (-7)/(-3) - (-4)/6. Suppose 82 = r*p - 2*j, p + 15 = 5*j + 51. What is the units digit of p?
6
What is the tens digit of (-3492)/(-63) + (-8)/(-14)?
5
Let y be ((-12)/30)/((-1)/(-5)). Let z(h) = h**2 + 6*h + 3. Let q be z(-6). Let t = y + q. What is the units digit of t?
1
Let f(q) = 2*q**2 - 1. Suppose -u = -3*d + u - 5, -3 = -3*u. Let p be f(d). Let t(i) = 6*i - 1. What is the units digit of t(p)?
5
Let c(s) = -s + 1. Let i be c(-4). Suppose -o - 4 = -q - 3, 7 = -4*o + i*q. What is the units digit of o?
2
Suppose -q + 73 = -0*q. What is the tens digit of q?
7
Suppose 5*q = -3*x - 43 + 415, 2*q - 2*x - 152 = 0. Let p = 4 + 0. Suppose p*m = -m + q. What is the units digit of m?
5
What is the tens digit of ((-9)/18)/(2/(-172))?
4
Suppose 0 = -d - c + 16, 0*d + c = -5*d + 72. What is the units digit of d?
4
What is the units digit of (-3 + -3)*(-2)/2?
6
Suppose -c - 41 + 105 = -5*g, -20 = -5*c. Let y be -1 + (-1 - g) - -2. Let b = 18 - y. What is the units digit of b?
6
Let j(r) = -1 - 15*r + 0 - 6*r. What is the tens digit of j(-1)?
2
Let a(d) = 2*d**3 - 5*d**2 + 5*d - 4. Let n be a(3). Suppose -4*x - 26 = -2*j, -5*j + n = -0*j - x. Suppose -l + 4 = -j. What is the units digit of l?
7
Let l = -11 - -15. Let i(c) be the second derivative of -c**4/12 + 5*c**3/6 - c**2/2 + c. What is the units digit of i(l)?
3
Let w be (-2 - 3/(-3)) + 12. Let q be w/3 - (-2)/6. Suppose 3 + 1 = q*o. What is the units digit of o?
1
Suppose 0*m = 4*m + 4. What is the units digit of -4*m/((-4)/(-7))?
7
Let r(h) = -4*h**2 + 6*h**2 + h**3 + 2*h - 4*h**2. Let a be r(2). Suppose 8 = a*i - 4*t - 0*t, i - 3*t = 0. What is the units digit of i?
3
Let i(x) = x**3 - 4*x**2 + x - 1. What is the units digit of i(4)?
3
Let d = 31 + -9. What is the tens digit of d?
2
Let y = 27 + -19. Let a be -1 + 0 + (-5)/1. Let v = y + a. What is the units digit of v?
2
Suppose 4*t - 3 - 5 = 0. Suppose -t*q + 5*w = -0*q - 8, q - 13 = -2*w. What is the units digit of q?
9
Let o(f) = f**3 + f**2 - 7*f + 2. What is the tens digit of o(3)?
1
Let f(h) = h - 3. Let a be f(5). Suppose -6 = -a*y - 0*y. Suppose -y*w - 1 = s + 2, 24 = 5*s + 2*w. What is the units digit of s?
6
Let x(v) = -2*v**3 - 5*v**2 + 3*v + 5. What is the tens digit of x(-4)?
4
Suppose -5*b + 0 = -10. Suppose 2*u + b*u - 80 = 0. What is the units digit of u?
0
Let g(q) = -q - 9. Let u be g(0). Let i(j) be the second d